{"id":14,"date":"2014-09-29T10:50:10","date_gmt":"2014-09-29T08:50:10","guid":{"rendered":"https:\/\/naturmaling.no\/?page_id=14"},"modified":"2015-03-17T09:42:02","modified_gmt":"2015-03-17T08:42:02","slug":"hjem","status":"publish","type":"page","link":"https:\/\/naturmaling.no\/livos\/","title":{"rendered":"Hjem"},"content":{"rendered":"<div class=\"row\"> <div class=\"col-md-6\">\n<p>LIVOS er ensbetydende med naturlige produkter. Gjennom 40 \u00e5r har LIVOS satt helse-, milj\u00f8- og klimahensyn foran alt annet, samtidig som nye produkter stadig har kommet til. LIVOS-produktene sikrer et godt inneklima fordi de ikke er tilsatt milj\u00f8farlige syntetiske stoffer. Derfor er LIVOS ogs\u00e5 spesielt velegnet for allergikere.LIVOS er malings- og vedlikeholds-produkter av h\u00f8y kvalitet \u2013 p\u00e5 milj\u00f8ets og inneklimaets premisser.<\/p>\n<p>Siden starten har produktrekken vokst, og i dag produserer LIVOS olje, trelasur\/beis, vann- og oljebasert maling, lakk, vedlikeholdsprodukter, rengj\u00f8ringsprodukter, spesialprodukter mot sopp og avgassing og mye mer.<\/p>\n<p>LIVOS naturmaling kom til Norge i 1983 gjennom LIVOS Skandinavia. I dag er LIVOS f\u00f8rstevalget for en variert, norsk kundegruppe med h\u00f8ye krav til helse og inneklima; barnehager, skoler, helseinstitusjoner, bedrifter og private kunder.<\/p>\n<\/div><div class=\"col-md-6\">\n<p>LIVOS har som eneste produsent hundre prosent av produktinnholdet deklarert p\u00e5 boksene. Hvert enkelt produkt er av h\u00f8yeste kvalitet, og det er ingen rester av ukjente kjemikalier og syntetiske tilsetningsstoffer i det enkelte produktet. Du kan dermed v\u00e6re helt trygg p\u00e5 at LIVOS-produktene ikke er skadelig for deg eller ditt n\u00e6rmilj\u00f8.<\/p>\n<p>LIVOS har merket mange av sine produkter med \u00abN\u00f8ytral\u00bb. Dette betyr at produktet tilh\u00f8rer LIVOS sin n\u00f8ytralserie tilpasset allergikere og lukt- og kjemikalief\u00f8lsomme. Allergikere som tidligere har m\u00e5ttet avst\u00e5 fra malingsarbeid p\u00e5 grunn av allergiplager, har ikke opplevd disse plagene n\u00e5r de har benyttet LIVOS-produkter. Er du en av de som ikke kan male selv p\u00e5 grunn av allergi b\u00f8r du gj\u00f8re et fors\u00f8k med LIVOS. Det kan v\u00e6re b\u00e5de g\u00f8y og sunt \u00e5 gj\u00f8re jobben selv. Som allergiker anbefales det uansett at du tester produktet f\u00f8r du tar fatt p\u00e5 arbeidet.<\/p>\n<p>LIVOS er et godt valg \u2013 for et sunt og helsefremmende inneklima, for natur og milj\u00f8, og for deg som \u00f8nsker produkter av h\u00f8y kvalitet.<\/p>\n<\/div><\/div>\n","protected":false},"excerpt":{"rendered":"","protected":false},"author":1,"featured_media":0,"parent":0,"menu_order":0,"comment_status":"open","ping_status":"closed","template":"page-fullwidth.php","meta":{"_acf_changed":false,"footnotes":""},"class_list":["post-14","page","type-page","status-publish","hentry"],"acf":[],"_links":{"self":[{"href":"https:\/\/naturmaling.no\/livos\/wp-json\/wp\/v2\/pages\/14"}],"collection":[{"href":"https:\/\/naturmaling.no\/livos\/wp-json\/wp\/v2\/pages"}],"about":[{"href":"https:\/\/naturmaling.no\/livos\/wp-json\/wp\/v2\/types\/page"}],"author":[{"embeddable":true,"href":"https:\/\/naturmaling.no\/livos\/wp-json\/wp\/v2\/users\/1"}],"replies":[{"embeddable":true,"href":"https:\/\/naturmaling.no\/livos\/wp-json\/wp\/v2\/comments?post=14"}],"version-history":[{"count":19,"href":"https:\/\/naturmaling.no\/livos\/wp-json\/wp\/v2\/pages\/14\/revisions"}],"predecessor-version":[{"id":4790,"href":"https:\/\/naturmaling.no\/livos\/wp-json\/wp\/v2\/pages\/14\/revisions\/4790"}],"wp:attachment":[{"href":"https:\/\/naturmaling.no\/livos\/wp-json\/wp\/v2\/media?parent=14"}],"curies":[{"name":"wp","href":"https:\/\/api.w.org\/{rel}","templated":true}]}}