{"id":66,"date":"2014-10-02T10:38:41","date_gmt":"2014-10-02T08:38:41","guid":{"rendered":"https:\/\/naturmaling.no\/?post_type=product&#038;p=66"},"modified":"2022-08-26T11:27:17","modified_gmt":"2022-08-26T09:27:17","slug":"svalos-tynner-222","status":"publish","type":"product","link":"https:\/\/naturmaling.no\/livos\/produkt\/svalos-tynner-222\/","title":{"rendered":"SVALOS tynner (222)"},"content":{"rendered":"","protected":false},"excerpt":{"rendered":"<p>Fargel\u00f8s v\u00e6ske med mild sitruslukt. For \u00e5 tynne produkter p\u00e5 olje- og harpiksbasis. Til rengj\u00f8ring av pensler og verkt\u00f8y. Til kunst og hobby.<\/p>\n","protected":false},"featured_media":4773,"comment_status":"closed","ping_status":"closed","template":"","meta":{"_acf_changed":false},"product_cat":[23],"product_tag":[],"class_list":{"0":"post-66","1":"product","2":"type-product","3":"status-publish","4":"has-post-thumbnail","6":"product_cat-tynnere-og-verktoyrens","7":"pa_dekkevne-xx-m2l","8":"pa_storrelse-0-5l","9":"pa_storrelse-10l","10":"pa_storrelse-5l","12":"first","13":"instock","14":"shipping-taxable","15":"purchasable","16":"product-type-variable","17":"has-default-attributes"},"acf":[],"_links":{"self":[{"href":"https:\/\/naturmaling.no\/livos\/wp-json\/wp\/v2\/product\/66"}],"collection":[{"href":"https:\/\/naturmaling.no\/livos\/wp-json\/wp\/v2\/product"}],"about":[{"href":"https:\/\/naturmaling.no\/livos\/wp-json\/wp\/v2\/types\/product"}],"replies":[{"embeddable":true,"href":"https:\/\/naturmaling.no\/livos\/wp-json\/wp\/v2\/comments?post=66"}],"wp:featuredmedia":[{"embeddable":true,"href":"https:\/\/naturmaling.no\/livos\/wp-json\/wp\/v2\/media\/4773"}],"wp:attachment":[{"href":"https:\/\/naturmaling.no\/livos\/wp-json\/wp\/v2\/media?parent=66"}],"wp:term":[{"taxonomy":"product_cat","embeddable":true,"href":"https:\/\/naturmaling.no\/livos\/wp-json\/wp\/v2\/product_cat?post=66"},{"taxonomy":"product_tag","embeddable":true,"href":"https:\/\/naturmaling.no\/livos\/wp-json\/wp\/v2\/product_tag?post=66"}],"curies":[{"name":"wp","href":"https:\/\/api.w.org\/{rel}","templated":true}]}}