{"id":99,"date":"2014-10-02T11:38:44","date_gmt":"2014-10-02T09:38:44","guid":{"rendered":"https:\/\/naturmaling.no\/?post_type=product&#038;p=99"},"modified":"2022-08-26T11:25:39","modified_gmt":"2022-08-26T09:25:39","slug":"bilo-gulvvoks-fast-303","status":"publish","type":"product","link":"https:\/\/naturmaling.no\/livos\/produkt\/bilo-gulvvoks-fast-303\/","title":{"rendered":"BILO gulvvoks, fast (303)"},"content":{"rendered":"","protected":false},"excerpt":{"rendered":"<p>Til behandling av oljete og voksede flater som MELDOS (265), ARDVOS (266), LANDIS (718) eller BASKO (740) p\u00e5 gulv og m\u00f8bler av tre, stein og kork. <\/p>\n<p>Ikke egnet til v\u00e5tomr\u00e5der. M\u00e5 poleres med sakteg\u00e5ende poleringsmaskin. Gir en slitesterk og antistatisk overflate som er lett \u00e5 holde ren.<\/p>\n","protected":false},"featured_media":4559,"comment_status":"closed","ping_status":"open","template":"","meta":{"_acf_changed":false},"product_cat":[15,16],"product_tag":[],"class_list":{"0":"post-99","1":"product","2":"type-product","3":"status-publish","4":"has-post-thumbnail","6":"product_cat-olje-lakk-og-voks","7":"product_cat-voks","8":"pa_bruksomrade-innendors","9":"pa_dekkevne-75-95-m2-liter","10":"pa_glans-silkematt","11":"pa_storrelse-0-2l","12":"pa_storrelse-2-5l","14":"first","15":"instock","16":"shipping-taxable","17":"purchasable","18":"product-type-variable","19":"has-default-attributes"},"acf":[],"_links":{"self":[{"href":"https:\/\/naturmaling.no\/livos\/wp-json\/wp\/v2\/product\/99"}],"collection":[{"href":"https:\/\/naturmaling.no\/livos\/wp-json\/wp\/v2\/product"}],"about":[{"href":"https:\/\/naturmaling.no\/livos\/wp-json\/wp\/v2\/types\/product"}],"replies":[{"embeddable":true,"href":"https:\/\/naturmaling.no\/livos\/wp-json\/wp\/v2\/comments?post=99"}],"wp:featuredmedia":[{"embeddable":true,"href":"https:\/\/naturmaling.no\/livos\/wp-json\/wp\/v2\/media\/4559"}],"wp:attachment":[{"href":"https:\/\/naturmaling.no\/livos\/wp-json\/wp\/v2\/media?parent=99"}],"wp:term":[{"taxonomy":"product_cat","embeddable":true,"href":"https:\/\/naturmaling.no\/livos\/wp-json\/wp\/v2\/product_cat?post=99"},{"taxonomy":"product_tag","embeddable":true,"href":"https:\/\/naturmaling.no\/livos\/wp-json\/wp\/v2\/product_tag?post=99"}],"curies":[{"name":"wp","href":"https:\/\/api.w.org\/{rel}","templated":true}]}}